{"id":18,"date":"2021-02-01T12:42:58","date_gmt":"2021-02-01T18:42:58","guid":{"rendered":"https:\/\/yasminebealerivaya.hcommons-staging.org\/?page_id=18"},"modified":"2022-09-01T10:20:18","modified_gmt":"2022-09-01T15:20:18","slug":"research","status":"publish","type":"page","link":"https:\/\/yasminebealerivaya.hcommons-staging.org\/?page_id=18","title":{"rendered":"Publications and Conference Presentations"},"content":{"rendered":"<p><strong>Edited Books &amp; Special Journal Issues<\/strong><\/p>\n<ul>\n<li>2018 Beale-Rivaya, Y. &amp; Jason Busic. <em>A Companion to Medieval Toledo: Reconsidering the Canons<\/em>. Brill. Netherlands. 2018.<\/li>\n<li>2019 Busic, Jason &amp; Yasmine Beale-Rivaya. \u201cPlaces of Encounter: Language, Culture, and Religious Identity in Medieval Iberia\u201d E-Humanista. Volume 41 (June 2019). Monographic Issue<\/li>\n<li>2018 Beale-Rivaya, Y. &amp; Antonio Gragera. \u201cEspa\u00f1ol en Estados Unidos.\u201d Revista Iberoamericana de Ling\u00fc\u00edstica. 13 (December-2018). Special themed issue. December.<\/li>\n<\/ul>\n<p><strong>Chapters in Books &amp; Journal Articles:<\/strong><\/p>\n<ul>\n<li>2022\u00a0 \u00a0 Beale-Rivaya, Yasmine, \u201cTracing New Frontiers: Moz\u00e1rabes and Toledanos as Villains\u201d in The Construction of the Spanish Cultural Imaginary (Archbishop Rodrigo Jim\u00e9nez de Rada 1209-1247 AD),\u201d Charles Burnett &amp; Pedro Mantas-Espa\u00f1a (eds.), <em style=\"font-size: revert;color: initial\">Mark of Toledo. Intellectual Context and Debates between Christians and Muslims in Early Thirteenth Century Iberia<\/em><span style=\"font-size: revert;color: initial\">, C\u00f3rdoba: UCOPress \u2013 CNERU \u2013 The Warburg Institute, Feb. 2022.<\/span><\/li>\n<li>2022\u00a0\u00a0\u00a0\u00a0\u00a0 \u201cReenacting historical multilingualism in contemporary Spain.\u201d <em>Multilingual practices from antiquity to the present day. <\/em>Eds. Aneta Pavlenko &amp; Pia Lane. <em>Forthcoming.2022.<\/em><\/li>\n<li><u><\/u>2021\u00a0\u00a0\u00a0\u00a0\u201cThe Burden of the Body in Miracle IV: <em>El galard\u00f3n de la virgen, <\/em>and Miracle XVII: <em>\u00a0La iglesia de la Ggoriosa profanada.\u201d<\/em> <em>Maria Mediatrix: Gonzalo de Berceo\u2019s <\/em>Milagros de Nuestra Se\u00f1ora. Eds. Paul Nelson and Paul Larson. <em><u>In press<\/u><\/em><u><\/u><\/li>\n<li>2021\u00a0\u00a0\u00a0\u00a0\u00a0 Moreno-McMahon, Cecilia &amp; Yasmine Beale-Rivaya, \u201cPitfalls in Machine Translation: A Study on Web-Based News Articles\/ Trampas en la traducci\u00f3n autom\u00e1tica: Un estudio basado en textos period\u00edsticos en l\u00ednea.\u201d <em>Revista Iberoamericana de Ling\u00fc\u00edstica<\/em>. <em>(Forthcoming \u2013 December issue).<\/em><\/li>\n<li>2018\u00a0 \u00a0 \u00a0 \u201cIntroduction.\u201d A Companion to Medieval Toledo: Reconsidering the Canons. eds. Yasmine Beale-Rivaya &amp; Jason Busic. Brill. (2018). 1-14.<\/li>\n<li>2018\u00a0 \u00a0 \u00a0 \u201cEpilogue.\u201d A Companion to Medieval Toledo: Reconsidering the Canons. New Readings of Medieval Toledo (ca. 711-1517). Eds. Yasmine Beale-Rivaya &amp; Jason Busic. Brill. (2018). 281-288.<\/li>\n<li>2018\u00a0 \u00a0 \u00a0 \u00a0\u201cShared Legal Spaces in the Arabic Language Notarial Documents of Toledo.\u201d A Companion to Medieval Toledo: Reconsidering the Canons. Eds. Yasmine Beale-Rivaya &amp; Jason Busic. Brill. (2018). 221-237.<\/li>\n<li>2017\u00a0 \u00a0 \u00a0 \u00a0&amp; Allison Yakel. \u201cSaving Spanish: Literacy and Spanish Language Maintenance in Central Texas.\u201d Estudios Coloniales e Iberoamericanos. Homenaje a Claudia Parodi. Ed. Angela Helmer. Iberoameriana Vervuet. Madrid. (2017). 245-272.<\/li>\n<li>2016\u00a0 \u00a0 \u00a0\u201cAt the Crossroads of Languages: The Linguistics Choices along Border Communities of the Reconquista in the Eleventh and Twelfth Centuries.\u201d Multilingualism in the Middle Ages and Early Modern Age: Communication and Miscommunication in the Premodern World. Ed. Albrecht Classen &amp; Marilyn Sandige. De Gruyter. (2016). 127-144.<\/li>\n<li>2014\u00a0 \u00a0 \u00a0\u201cEthnic and Linguistic pluralisms in the Arabic Documents of the Cathedral of Huesca in Arag\u00f3n.\u201dRevisiting Convivencia in Medieval and Early Modern Iberia. Ed. Connie Scarborough. Juan de la Cuesta. (2014): 387-404. R.<\/li>\n<li>2013\u00a0 \u00a0 \u00a0\u201cIllness and Disability in Twelfth and Thirteenth-Century Notarial Documents in Medieval Toledo.\u201d E-humanista Vol. 23. 2013. pp 371-388.<\/li>\n<li>2012\u00a0 \u00a0 \u00a0\u201cThe Written Record as Witness: Language Shift from Arabic to Romance in the Documents of the Mozarabs of Toledo in the Twelfth and Thirteenth Centuries.\u201d La Cor\u00f3nica 40.2 (Spring 2012): 27-50.<\/li>\n<li>2011\u00a0 \u00a0 \u00a0 \u201cMaintaining a Language of Culture: Medieval Iberian Languages as a model for Spanish in the United States.\u201d American Speech 86.4 (Winter 2011): 415-440.<\/li>\n<li>2010\u00a0 \u00a0 \u00a0\u201cThe History and Evolution of the Term \u2018Mozarab\u2019.\u201d Imago Temporis 4.2 (2010): 51-72.<\/li>\n<li>2010\u00a0 \u00a0 \u00a0 \u201cOn the Relationship Between Mozarabic Sibilants and Andalusian Seseo.\u201d e-Humanista 14 (2010): 40-62. R. acceptance rate: around 35%; source MLA<\/li>\n<\/ul>\n<p><strong>Reviews:<\/strong><\/p>\n<ul>\n<li><em>Sonia and Cynthia Kauffeld (eds.). Studies in Hispano-Romance Historical Linguistics and Lexicography: A Tribute to John J. Nitti. <\/em>Kania, ,<em> Hispanic Seminary of Medieval Studies, 2020. <\/em><em>La Cor\u00f3nica. <u>Forthcoming<\/u><\/em>.<\/li>\n<li>Yakov Malkiel. Men\u00e9ndez Pidal y la ling\u00fc\u00edstica. Nota preliminar de Francisco Rico. Pr\u00f3logos de Charles B. Faulhaber y Steven N. Dworkin. \u00cdndices de Miguel Requena, al cuidado de Rosa Bono. <em>La Cor\u00f3nica <\/em>2. Spring 2021.<\/li>\n<li>De Toledo a C\u00f3rdoba: Tathl\u012bth al-Wah\u0323d\u0101niyyah (\u00b4La Trinidad de la Unidad\u00b4) Fragmentos teol\u00f3gicos de un judeoconverso arabizado. Monferrer-Sala, Pedro and Pedro Mantas-Espa\u00f1a., Revista Espa\u00f1ola de Filosof\u00eda Medieval 27\/2 (2020), ISSN: 1133-0902. pp. 167-168.<\/li>\n<li>\u00a0Text, Transmission, and Transformation in the European Middle Ages, 1000\u20131500. Carrie Griffin, Emer Purcell (eds.), Revista Espa\u00f1ola de Filosof\u00eda Medieval 27\/1 (2020), ISSN: 1133-0902, pp. 184-185.<\/li>\n<li>To Live like a Moor: Christian Perceptions of Muslim Identity in Medieval and Early Modern Spain. Olivia Remie Constable. Ed. Robin Rose. La Cor\u00f3nica 47, 2 (2019): 111-114.<\/li>\n<li>Langues m\u00e9di\u00e9vales ib\u00e9riques: Domaines espagnol et portugais. Ed. Stephane Boisselier, Bernard Darbord, Denis Menjot. Speculum, 89\/3 (July 2014): 745-746.<\/li>\n<li>Colors Between Two Worlds: The Florentine Codex of Bernardino de Sahag\u00fan ed. by Gerhard Wolf and Joseph Connors. Comitatus 44 (2013): 246-248.<\/li>\n<li>Words in Dictionaries and History : Essays in Honour of R.W. McConchie. Ed. Olga Timofeeva and Tanja Saily. Comitatus 43 (2012): 302-303.<\/li>\n<li>\u00a0Aillet, Cyrille, Mayte Penelas, Philippe Roisse. \u00bfExiste una identidad moz\u00e1rabe? Historia, lengua y cultura de los cristianos de al-Andalus (siglos IX-XII). La Cor\u00f3nica 38.2 (2010): 216-220.<\/li>\n<li>\u00a0L. P. Harvey. Muslims in Spain, 1500 to 1614. Comitatus 38 (2007): 233-234.<\/li>\n<li>John Michael Archer. Old Worlds: Egypt, Southwest, Asia, India, and Russia in Early Modern English Writing. Comitatus 34 (2003): 199-201.<\/li>\n<\/ul>\n<p><strong>Invited Talks, Lectures, and Presentations:<\/strong><\/p>\n<ul>\n<li>\u201cEn sus propias palabras: Lo que los documentos en \u00e1rabe-andalus\u00ed revelan de la vida en las tierras fronterizas de Toledo tras su \u00b4reconquista\u00b4.\u201d CSIC. Madrid. July 2019.<\/li>\n<li>\u00a0\u201cShuffling Between Languages in Medieval Iberia:<br \/>\nThe Mozarabs (Arabized-Christians).\u201d Plenary. University of Olso, Norway and the Research Council of Norway as a Center of Excellence. April 2019.<\/li>\n<li>\u201cInter-Textuality and Inter-Lingualism in Medieval Iberia: The Mozarabs as an Exemplary Case Study.\u201d Dennison University. Ohio. February 2019.<br \/>\n2017<\/li>\n<li>\u201cEvolving Perspectives on the Fiestas de Moros y Cristianos.\u201d Texas Tech University. October 2017.<\/li>\n<\/ul>\n<p><strong>Conference Presentations <em>(selected)<\/em>:<\/strong><\/p>\n<ul>\n<li>\u00a0\u201cConstruyendo un recurso colaborativo para un equipo de investigaci\u00f3n: Zotero y la <em>General Historia<\/em>\u201d Confluence of Religious Cultures and Translation. Logro\u00f1o, Spain. October 27, 2021.<\/li>\n<li>\u201cLos moz\u00e1rabes: herramienta para forjar una naci\u00f3n\u201d TEMA, Rice University. October 16, 2021.<\/li>\n<li>\u00a0\u201cNo Man is an Island: Alfonso X\u00b4s Models and Heritage\u201d TEMA, Rice University. Houston. October 15, 2021.<\/li>\n<li>\u00a0\u201cThe language of Justice in The Burden of the Body in Miracle IV \u201cEl galard\u00f3n de la Virgen<em>\u201d <\/em>and Miracle XVII \u201cLa iglesia de la gloriosa profanada\u201d SCMLA, Houston. October 9, 2021.<\/li>\n<li>\u201cAsimetr\u00edas moz\u00e1rabes: Voces de Toledo frente a silencios de C\u00f3rdoba\u201d Primeras jornadas de Estudios de Medio Oriente en la FES-Acatl\u00e1n, UNAM. January 2021.<\/li>\n<li>\u00a0\u201cBorderland Experiences: Strategies of Survival and Adaptation by the Mozarabs in Toledo Post-1085\u201d XXVI CILH-Congreso Internacional de Estudios y Literatura Hip\u00e1nicos. Online. June 2020.<\/li>\n<li>\u201cManipulating Language Along the Christian-Muslim Borderlands of Medieval Iberia.\u201d Medieval Institute International Conference. Kalamazoo. May 2020. Cancelled due to Covid19.<\/li>\n<li>\u00a0\u201cFrom Jim\u00e9nez de Rada to Cisneros: Defining and Re-purposing the Mozarabs.\u201d Medieval Toledo Conference. June 2, 2019.<\/li>\n<li>\u00a0\u201cTracing Evidence of the Mozarabs in Toledo.\u201d Medieval Institute Conference. Kalamazoo. May 10, 2019.<\/li>\n<li>\u00a0\u201cEvidence of the Mozarabs in the Alfonsine Papers.\u201d Texas Medieval Association. Waco. October 2018.<\/li>\n<li>\u00a0\u201cFabricating Old Etymologies while Crossing Oceans and Encountering New Languages in the Recopilaci\u00f3n de algunos nombres ar\u00e1bigos by Diego de Guadix\u201d. AATSP. Salamanca. June 2018.<\/li>\n<li>\u00a0\u201cMapping Medieval Toledo Through the &#8216;Mozarabic&#8217; Documents of Toledo\u201d. Medieval Institute. Kalamazoo. May 2018.<\/li>\n<li>\u00a0\u201cCelebraciones populares y la creaci\u00f3n de un mito. Usos y desusos de lo medieval y las \u00b4Fiestas de moros y cristianos\u00b4. Universidad de Soria. May 2017.<\/li>\n<li>\u00a0\u201cChristian-Muslim Trade Along the Andalus\u00ed Frontier\u201d Medieval Institute. Kalamazoo. May 2016.<\/li>\n<li>\u00a0\u201cThe Signatures in the Mozarabic Documents in 12th -13th Century Toledo\u201d International Medieval Congress. Leeds. July 2016.<\/li>\n<li>\u201cSlavery along the Christian-Andalus\u00ed borderlands.\u201d Medieval Institute Conference. Kalamazoo. May 2015.<\/li>\n<li>\u201cMozarabic Women.\u201d Medieval Institute. Kalamazoo. May 2014.<\/li>\n<li>\u00a0\u201cAt the Crossroads of Languages: Shifting from Arabic to Romance in Twelfth-Century Toledo and Huesca.\u201d Medieval Institute. Kalamazoo. May 2013.<\/li>\n<li>\u00a0\u201cTransferring Faiths: Slavery, Captivity, and Rescue among the Mozarabs of Toledo.\u201d Texas Medieval Association, Houston, October 2012.<\/li>\n<li>\u201cReaching Through the Lens: Uncovering Imagined History in the Dictionary of Diego de Guadix.\u201d Pacific Asian Modern Language Association, Pomona, November 2011.<\/li>\n<\/ul>\n<p><strong>Translations of creative literary works:<\/strong><\/p>\n<ul>\n<li>Beale-Rivaya, Yasmine, \u201cCuatro Caminos.\u201d Generaci\u00f3n Subway 4.Eds. Noem\u00ed Trujillo and Lorenzo Silva. Playa de \u00c1kaba. (2016).<\/li>\n<li>Beale-Rivaya, Yasmine, \u201cLa historia olvidada de Carboneras.\u201d Donde el mar se hace carb\u00f3n y otros relatos de Carboneras. Ed. Mario Sanz Cruz. Playa de \u00c1kaba. (2015).<\/li>\n<li>Beale-Rivaya, Yasmine, \u201cPrimeros pasos para convertirme en Productor de cine.\u201d Generaci\u00f3n Subway 1. Eds. Noem\u00ed Trujillo and Lorenzo Silva. Playa de \u00c1kaba. (2015).<\/li>\n<li>Beale-Rivaya, Yasmine, \u201cA\u00fan el para\u00edso necesita agua\u201d Generaci\u00f3n Subway: Relato Breve. Eds. Noem\u00ed Trujillo and Lorenzo Silva. Playa de \u00c1kaba. (2015): 79-86.<\/li>\n<li>Beale-Rivaya, Yasmine, \u201cLas Navidades de Abuela Edith.\u201d Generaci\u00f3n Subway: Cuentos de Navidad. Eds. Noem\u00ed Trujillo and Lorenzo Silva. Playa de \u00c1kaba. (2015): 51-66<\/li>\n<\/ul>\n","protected":false},"excerpt":{"rendered":"<p>Edited Books &amp; Special Journal Issues 2018 Beale-Rivaya, Y. &amp; Jason Busic. A Companion to Medieval Toledo: Reconsidering the Canons. Brill. Netherlands. 2018. 2019 Busic, Jason &amp; Yasmine Beale-Rivaya. \u201cPlaces of Encounter: Language, Culture, and Religious Identity in Medieval Iberia\u201d E-Humanista. Volume 41 (June 2019). Monographic Issue 2018 Beale-Rivaya, Y. &amp; Antonio Gragera. \u201cEspa\u00f1ol en [&hellip;]<\/p>\n","protected":false},"author":3915,"featured_media":0,"parent":27,"menu_order":0,"comment_status":"closed","ping_status":"closed","template":"","meta":{"footnotes":""},"class_list":["post-18","page","type-page","status-publish","hentry"],"_links":{"self":[{"href":"https:\/\/yasminebealerivaya.hcommons-staging.org\/index.php?rest_route=\/wp\/v2\/pages\/18","targetHints":{"allow":["GET"]}}],"collection":[{"href":"https:\/\/yasminebealerivaya.hcommons-staging.org\/index.php?rest_route=\/wp\/v2\/pages"}],"about":[{"href":"https:\/\/yasminebealerivaya.hcommons-staging.org\/index.php?rest_route=\/wp\/v2\/types\/page"}],"author":[{"embeddable":true,"href":"https:\/\/yasminebealerivaya.hcommons-staging.org\/index.php?rest_route=\/wp\/v2\/users\/3915"}],"replies":[{"embeddable":true,"href":"https:\/\/yasminebealerivaya.hcommons-staging.org\/index.php?rest_route=%2Fwp%2Fv2%2Fcomments&post=18"}],"version-history":[{"count":10,"href":"https:\/\/yasminebealerivaya.hcommons-staging.org\/index.php?rest_route=\/wp\/v2\/pages\/18\/revisions"}],"predecessor-version":[{"id":199,"href":"https:\/\/yasminebealerivaya.hcommons-staging.org\/index.php?rest_route=\/wp\/v2\/pages\/18\/revisions\/199"}],"up":[{"embeddable":true,"href":"https:\/\/yasminebealerivaya.hcommons-staging.org\/index.php?rest_route=\/wp\/v2\/pages\/27"}],"wp:attachment":[{"href":"https:\/\/yasminebealerivaya.hcommons-staging.org\/index.php?rest_route=%2Fwp%2Fv2%2Fmedia&parent=18"}],"curies":[{"name":"wp","href":"https:\/\/api.w.org\/{rel}","templated":true}]}}