{"id":51,"date":"2021-02-01T13:18:20","date_gmt":"2021-02-01T19:18:20","guid":{"rendered":"https:\/\/yasminebealerivaya.hcommons-staging.org\/?page_id=51"},"modified":"2022-09-01T10:16:06","modified_gmt":"2022-09-01T15:16:06","slug":"agenda","status":"publish","type":"page","link":"https:\/\/yasminebealerivaya.hcommons-staging.org\/?page_id=51","title":{"rendered":"Agenda"},"content":{"rendered":"<p><em>Recent and Forthcoming<br \/>\n<\/em><\/p>\n<p>2023<\/p>\n<ul>\n<li>January. MLA conference. San Francisco<\/li>\n<li>May. Medieval Institute Conference. Kalamazoo<\/li>\n<\/ul>\n<p><em>2022<\/em><\/p>\n<ul>\n<li>July. Study Abroad Program. Cuenca. Spain\u00a0<em>UCLM-ESPACU\u00a0<\/em><\/li>\n<li>June. MLA Symposium. University of Glasgow.<\/li>\n<li>May. Medieval Institute Conference. Panel: <em>Novelties and New Discoveries in the Archeological Record of the Iberian Peninsula\u00a0<\/em><\/li>\n<li>March.\u00a0\u201cEsclavitud y servidumbre entre los toledanos de los siglos XII-XIII.\u201d Ciclo de conferencias: Problemas y construcciones historiogr\u00e1ficas europeas. Universidad Aut\u00f3noma de Madrid. Spain. March 4, 2022.<\/li>\n<li>February:\u00a0\u201cC\u00f3mo utilizamos conceptos del pasado para hablar del presente: Vocablos de las Fiestas de Moros y Cristianos.\u201d UNAM-Acatl\u00e1n. February 25.\u201cLas fiestas de Moros y Cristianos como acto de memoria e invenci\u00f3n hist\u00f3rica.\u201d UNAM-Acatl\u00e1n. February 14.<\/li>\n<li>January 6-9. MLA Conference. Washington D.C.<\/li>\n<\/ul>\n<p><em><em>2021<br \/>\n<\/em><\/em><\/p>\n<ul>\n<li>October 7-9. SCMLA<\/li>\n<li>October 15-16. Texas Medieval Association Conference<\/li>\n<li>October 28-29. Santina Conference<\/li>\n<li>January. \u201cAsimetr\u00edas moz\u00e1rabes: Voces de Toledo frente a silencios de C\u00f3rdoba\u201d Primeras jornadas de Estudios de Medio Oriente en la FES-Acatl\u00e1n, UNAM.<\/li>\n<\/ul>\n","protected":false},"excerpt":{"rendered":"<p>Recent and Forthcoming 2023 January. MLA conference. San Francisco May. Medieval Institute Conference. Kalamazoo 2022 July. Study Abroad Program. Cuenca. Spain\u00a0UCLM-ESPACU\u00a0 June. MLA Symposium. University of Glasgow. May. Medieval Institute Conference. Panel: Novelties and New Discoveries in the Archeological Record of the Iberian Peninsula\u00a0 March.\u00a0\u201cEsclavitud y servidumbre entre los toledanos de los siglos XII-XIII.\u201d Ciclo [&hellip;]<\/p>\n","protected":false},"author":3915,"featured_media":0,"parent":0,"menu_order":0,"comment_status":"closed","ping_status":"closed","template":"","meta":{"footnotes":""},"class_list":["post-51","page","type-page","status-publish","hentry"],"_links":{"self":[{"href":"https:\/\/yasminebealerivaya.hcommons-staging.org\/index.php?rest_route=\/wp\/v2\/pages\/51","targetHints":{"allow":["GET"]}}],"collection":[{"href":"https:\/\/yasminebealerivaya.hcommons-staging.org\/index.php?rest_route=\/wp\/v2\/pages"}],"about":[{"href":"https:\/\/yasminebealerivaya.hcommons-staging.org\/index.php?rest_route=\/wp\/v2\/types\/page"}],"author":[{"embeddable":true,"href":"https:\/\/yasminebealerivaya.hcommons-staging.org\/index.php?rest_route=\/wp\/v2\/users\/3915"}],"replies":[{"embeddable":true,"href":"https:\/\/yasminebealerivaya.hcommons-staging.org\/index.php?rest_route=%2Fwp%2Fv2%2Fcomments&post=51"}],"version-history":[{"count":8,"href":"https:\/\/yasminebealerivaya.hcommons-staging.org\/index.php?rest_route=\/wp\/v2\/pages\/51\/revisions"}],"predecessor-version":[{"id":197,"href":"https:\/\/yasminebealerivaya.hcommons-staging.org\/index.php?rest_route=\/wp\/v2\/pages\/51\/revisions\/197"}],"wp:attachment":[{"href":"https:\/\/yasminebealerivaya.hcommons-staging.org\/index.php?rest_route=%2Fwp%2Fv2%2Fmedia&parent=51"}],"curies":[{"name":"wp","href":"https:\/\/api.w.org\/{rel}","templated":true}]}}